{"id":8947,"date":"2019-11-13T13:03:09","date_gmt":"2019-11-13T13:03:09","guid":{"rendered":"https:\/\/socgastro.org.br\/novo\/?page_id=8947"},"modified":"2019-12-12T11:01:44","modified_gmt":"2019-12-12T11:01:44","slug":"hospital-federal-da-lagoa","status":"publish","type":"page","link":"https:\/\/socgastro.org.br\/novo\/servicos-publicos-de-gastroenterologia\/hospital-federal-da-lagoa\/","title":{"rendered":"Hospital Federal da Lagoa"},"content":{"rendered":"<p><a href=\"https:\/\/socgastro.org.br\/novo\/wp-content\/uploads\/2019\/11\/hospital_lagoa_1-20.jpg\"><img loading=\"lazy\" decoding=\"async\" class=\"aligncenter size-large wp-image-8974\" src=\"https:\/\/socgastro.org.br\/novo\/wp-content\/uploads\/2019\/11\/hospital_lagoa_1-20-1024x592.jpg\" alt=\"\" width=\"780\" height=\"451\" srcset=\"https:\/\/socgastro.org.br\/novo\/wp-content\/uploads\/2019\/11\/hospital_lagoa_1-20-1024x592.jpg 1024w, https:\/\/socgastro.org.br\/novo\/wp-content\/uploads\/2019\/11\/hospital_lagoa_1-20-300x173.jpg 300w, https:\/\/socgastro.org.br\/novo\/wp-content\/uploads\/2019\/11\/hospital_lagoa_1-20-768x444.jpg 768w, https:\/\/socgastro.org.br\/novo\/wp-content\/uploads\/2019\/11\/hospital_lagoa_1-20-600x347.jpg 600w, https:\/\/socgastro.org.br\/novo\/wp-content\/uploads\/2019\/11\/hospital_lagoa_1-20-1200x694.jpg 1200w\" sizes=\"auto, (max-width: 780px) 100vw, 780px\" \/><\/a>Refer\u00eancia no atendimento de m\u00e9dia e alta complexidade, o Hospital Federal da Lagoa foi projetado pelo arquiteto Oscar Niemeyer e inaugurado em 1958. O local conta ainda com jardins idealizados pelo paisagista\u00a0Roberto Burle Marx\u00a0e um mural de azulejos externos confeccionado pelo artista pl\u00e1stico\u00a0Athos Bulc\u00e3o. O complexo hospitalar conta com o pr\u00e9dio principal com dez andares e um ambulat\u00f3rio.<\/p>\n<p>Em 1962,\u00a0o ent\u00e3o presidente Jo\u00e3o Goulart incorporou o hospital ao Instituto de Aposentadoria e Pens\u00f5es dos Banc\u00e1rios (IAPB), que passou a se chamar Hospital dos Banc\u00e1rios. Por\u00e9m, com a extin\u00e7\u00e3o do IAPB em 1966, todos institutos de aposentadoria foram integrados, formando o Instituto Nacional da Previd\u00eancia Social (INPS). Com isso, a unidade de sa\u00fade volta a se chamar de Hospital Geral da Lagoa. Em 1977 \u00e9 criado o Instituto Nacional de Assist\u00eancia M\u00e9dica da Previd\u00eancia Social (INAMPS), separando o atendimento m\u00e9dico da Previd\u00eancia e Assist\u00eancia Social. Com a Constitui\u00e7\u00e3o de 1988 \u00e9 criado o Sistema \u00danico de Sa\u00fade (SUS), extinguindo o INAMPS e integrando os hospitais em uma rede unificada. At\u00e9 ent\u00e3o, o hospital atendia preferencialmente servidores p\u00fablicos, com a implanta\u00e7\u00e3o do SUS passou a tratar da popula\u00e7\u00e3o em geral. Em 1995 o Governo Federal municipaliza o Hospital da Lagoa. Com isso, o local fica sob a gest\u00e3o da Prefeitura do Rio de Janeiro at\u00e9 mar\u00e7o de 2005, quando volta a ser gerido pelo Minist\u00e9rio da Sa\u00fade. Neste per\u00edodo em que foi municipalizado o hospital passou a atender muito mais do que sua capacidade e com um or\u00e7amento reduzido.<\/p>\n<p>O Servi\u00e7o de Gastroenterologia e Endoscopia Digestiva\u00a0do Hospital Federal da Lagoa teve como primeiro chefe o Dr. Eudoro Berlinck que deu lugar ao Dr. Isaac Goldenzon Filho, que durante d\u00e9cadas chefiou o setor. Sua dedica\u00e7\u00e3o aos pacientes e ao Hospital da Lagoa, associado ao excelente relacionamento que tinha com m\u00e9dicos, gestores e profissionais da sa\u00fade, fez com que ele fosse uma refer\u00eancia da gastroenterologia fluminense.<\/p>\n<p><a href=\"https:\/\/socgastro.org.br\/novo\/wp-content\/uploads\/2019\/11\/luiz_artur-1.jpg\"><img loading=\"lazy\" decoding=\"async\" class=\"alignleft size-thumbnail wp-image-8985\" src=\"https:\/\/socgastro.org.br\/novo\/wp-content\/uploads\/2019\/11\/luiz_artur-1-150x150.jpg\" alt=\"\" width=\"150\" height=\"150\" srcset=\"https:\/\/socgastro.org.br\/novo\/wp-content\/uploads\/2019\/11\/luiz_artur-1-150x150.jpg 150w, https:\/\/socgastro.org.br\/novo\/wp-content\/uploads\/2019\/11\/luiz_artur-1-300x300.jpg 300w\" sizes=\"auto, (max-width: 150px) 100vw, 150px\" \/><\/a>Em 1997, ele se aposenta e quem assume \u00e9 o Dr. Luiz Artur Juruena, que entrou no hospital em 1980 trocado pelo ent\u00e3o Posto de Assist\u00eancia M\u00e9dica Mau\u00e1 por duas gastroc\u00e2maras. Em sua gest\u00e3o, ele teve de administrar o grande n\u00famero de pacientes durante a municipaliza\u00e7\u00e3o do hospital, \u00e0s vezes maior do que a capacidade do setor, e a implanta\u00e7\u00e3o do SISREG (sistema on-line, disponibilizado pelo Datasus para gerenciamento e opera\u00e7\u00e3o das centrais de regula\u00e7\u00e3o de vagas), que informatizou toda a entrada de pacientes no hospital. Ainda durante sua gest\u00e3o, Dr. Luiz Artur e o bioqu\u00edmico Helio Fragoso idealizaram e passaram a utilizar o teste r\u00e1pido da urease de menor custo no pa\u00eds, que foi publicado na revista GED.<\/p>\n<p>Em 2014, Dr. Luiz Artur d\u00e1 entrada em sua aposentadoria e quem assume a chefia \u00e9 o Dr. Walter Firman, que come\u00e7ou no hospital em 1996 atuando no CTI de p\u00f3s-operat\u00f3rio, sendo transferido em 1998 para o servi\u00e7o de Gastroenterologia e Endoscopia Digestiva. Desde ent\u00e3o, ele visa manter a excelente rela\u00e7\u00e3o entre os integrantes do setor e tamb\u00e9m com os servi\u00e7os de Proctologia,\u00a0que tamb\u00e9m realiza colonoscopias no setor, e Pneumologia, que ocupa um espa\u00e7o anexo. Ele buscou fortalecer mais ainda a\u00a0parte acad\u00eamica do servi\u00e7o com sess\u00f5es di\u00e1rias de revis\u00e3o de literatura com os residentes nos ambulat\u00f3rios e criou o 2\u00ba ambulat\u00f3rio de Doen\u00e7a Inflamat\u00f3ria Intestinal, coordenado pelas Dras. Johene Pantoja (gastroenterologista) e Luciana Marz\u00e1n (proctologista). Outro feito da gest\u00e3o do Dr. Walter foi a aquisi\u00e7\u00e3o do sistema de captura de imagens para Endoscopia Digestiva e do videoduodenosc\u00f3pio, uma demanda antiga do servi\u00e7o, que ser\u00e1 implantado t\u00e3o logo sejam adquiridos os acess\u00f3rios necess\u00e1rios para a realiza\u00e7\u00e3o da CPRE.<\/p>\n<p>Ao longo dos anos, diversos m\u00e9dicos tamb\u00e9m fizeram parte do servi\u00e7o e foram importantes para o desenvolvimento da Gastroenterologia do HFL como os Drs. Helio Nunes,\u00a0Mozart Santos, Ant\u00f4nio Jos\u00e9 Carneiro, Eduardo Oliveira, Fernando Guigon, Jorge Motta, Silvio Oliveira, Luiz Arruda, Cl\u00e1udio Riskala, Marcos Birro, as Dras. Maria Tibana e \u00c9rika Araujo Barreto, entre outros.<\/p>\n<p>O servi\u00e7o tamb\u00e9m teve diversos temas livres expostos em congressos, assim como publicou muitos artigos, tais quais &#8220;Profilaxia das \u00dalceras de Estresse&#8221;, &#8220;Paracentese Diagn\u00f3stica: a rotina do Hospital da Lagoa&#8221;, &#8220;Diagn\u00f3stico e Tratamento da Hemorragia Digestiva Alta no in\u00edcio do s\u00e9culo XXI&#8221; e &#8220;Hemorragia Digestiva Alta&#8221;, em revistas como Gastrocl\u00ednica Atual, Revista Brasileira do P\u00e2ncreas, entre outras.<\/p>\n<p>Atualmente a resid\u00eancia m\u00e9dica conta com quatro vagas no registro junto ao MEC (duas para R2 e duas para R1), por\u00e9m no momento est\u00e3o ocupadas duas vagas para R1 e uma para R2. A preceptoria \u00e9 da Dra. Johene Pantoja desde 2003. No in\u00edcio dos anos 2000, havia apenas uma vaga para R1 e uma vaga para R2. No primeiro ano os residentes ficavam apenas na enfermaria tendo contato com poucos pacientes e no segundo ano que passavam visitas e acompanhavam os exames endosc\u00f3picos. Nos anos seguintes, al\u00e9m de aumentar o n\u00famero de vagas para resid\u00eancia, houve uma mudan\u00e7a na atua\u00e7\u00e3o dos residentes: j\u00e1 no primeiro ano eles passam a realizar tanto endoscopia como gastroenterologia. Assim, eles passaram a ter mais contato com a pr\u00e1tica e a conhecer os pacientes, pois passam tamb\u00e9m visita na enfermaria com os staffs.<\/p>\n<p>O setor tem de quatro a oito pacientes internados na enfermaria e conta tamb\u00e9m com ambulat\u00f3rios divididos em:<\/p>\n<ul>\n<li>Doen\u00e7a Inflamat\u00f3ria Intestinal\n<ul>\n<li>coordenado pela Dra. Johene Pantoja (200 pacientes);<\/li>\n<\/ul>\n<\/li>\n<\/ul>\n<ul>\n<li>Gastroenterologia Geral\n<ul>\n<li>1) coordenado pelo Dr. Elbert Tavares (120 pacientes);<\/li>\n<li>2) coordenado pelo Dr.\u00a0Diogo Oliveira (40 pacientes);<\/li>\n<li>3) coordenado pelo Dr.\u00a0Marcos Rothfucks (40 pacientes);<\/li>\n<li>4) coordenado pela Dra.\u00a0M\u00f4nica Nascimento (40 pacientes).<\/li>\n<\/ul>\n<\/li>\n<\/ul>\n<ul>\n<li>Hepatologia\n<ul>\n<li>coordenado pela Dra. Roberta Celles (60 pacientes).<\/li>\n<\/ul>\n<\/li>\n<\/ul>\n<ul>\n<li>Complica\u00e7\u00f5es da cirrose\n<ul>\n<li>coordenado pelo Dr. Carlos Terra (60 pacientes).<\/li>\n<\/ul>\n<\/li>\n<\/ul>\n<p><a href=\"https:\/\/socgastro.org.br\/novo\/wp-content\/uploads\/2019\/11\/hospital_lagoa_1-15.jpg\"><img loading=\"lazy\" decoding=\"async\" class=\"aligncenter size-large wp-image-8971\" src=\"https:\/\/socgastro.org.br\/novo\/wp-content\/uploads\/2019\/11\/hospital_lagoa_1-15-1024x485.jpg\" alt=\"\" width=\"780\" height=\"369\" srcset=\"https:\/\/socgastro.org.br\/novo\/wp-content\/uploads\/2019\/11\/hospital_lagoa_1-15-1024x485.jpg 1024w, https:\/\/socgastro.org.br\/novo\/wp-content\/uploads\/2019\/11\/hospital_lagoa_1-15-300x142.jpg 300w, https:\/\/socgastro.org.br\/novo\/wp-content\/uploads\/2019\/11\/hospital_lagoa_1-15-768x363.jpg 768w, https:\/\/socgastro.org.br\/novo\/wp-content\/uploads\/2019\/11\/hospital_lagoa_1-15-600x284.jpg 600w, https:\/\/socgastro.org.br\/novo\/wp-content\/uploads\/2019\/11\/hospital_lagoa_1-15-1200x568.jpg 1200w\" sizes=\"auto, (max-width: 780px) 100vw, 780px\" \/><\/a><\/p>\n<p><a href=\"https:\/\/socgastro.org.br\/novo\/wp-content\/uploads\/2010\/12\/hospital_lagoa.jpeg\"><img loading=\"lazy\" decoding=\"async\" class=\"aligncenter size-large wp-image-9095\" src=\"https:\/\/socgastro.org.br\/novo\/wp-content\/uploads\/2010\/12\/hospital_lagoa-1024x671.jpeg\" alt=\"\" width=\"780\" height=\"511\" \/><\/a><\/p>\n<p><strong>STAFF DO SERVI\u00c7O DE GASTROENTEROLOGIA E ENDOSCOPIA DIGESTIVA<\/strong><\/p>\n<ul>\n<li>Walter Firman<br \/>\nGastroenterologia\/Endoscopia &#8211; Chefe do setor;<\/li>\n<li>Paula Pena Chaves<br \/>\nGastroenterologia\/Endoscopia;<\/li>\n<li>Manuel Antequera Villagra<br \/>\nGastroenterologia\/Endoscopia;<\/li>\n<li>Marcos Rothfucks<br \/>\nGastroenterologia\/Endoscopia;<\/li>\n<li>M\u00f4nica Nascimento<br \/>\nGastroenterologia\/Endoscopia;<\/li>\n<li>Diogo Oliveira<br \/>\nGastroenterologia\/Endoscopia;<\/li>\n<li>Johene Pantoja<br \/>\nGastroenterologia &#8211; Preceptora da Resid\u00eancia M\u00e9dica;<\/li>\n<li>Roberta Celles<br \/>\nGastroenterologia\/Hepatologia;<\/li>\n<li>Carlos Ant\u00f4nio Terra<br \/>\nHepatologia e Gastroenterologia;<\/li>\n<li>Elbert Luis Tavares<br \/>\nGastroenterologia.<\/li>\n<\/ul>\n<p><strong>RESIDENTES<\/strong><\/p>\n<ul>\n<li>David Triani &#8211; R2<\/li>\n<li>Douglas Suhett Fonte &#8211; R1<\/li>\n<li>Ricardo Barbosa &#8211; R1<\/li>\n<\/ul>\n<p><strong>O SETOR<\/strong><\/p>\n\n\t\t<div id='gallery-1' class='gallery galleryid-8947 gallery-columns-3 gallery-size-thumbnail gallery1'><script type=\"text\/javascript\">\r\n\/\/ <![CDATA[\r\n\tjQuery(document).ready(function () {\r\n\t\tjQuery(\".gallery1 a\").attr(\"rel\",\"gallery1\");\t\r\n\t\tjQuery('a[rel=\"gallery1\"]').colorbox({maxWidth:\"95%\", maxHeight:\"95%\",title: function(){ return jQuery(this).children().attr(\"alt\"); }, });\r\n\t});\r\n\/\/ ]]>\r\n<\/script>\n<figure class=\"gallery-item\">\n<div class=\"gallery-icon\">\r\n<a href=\"https:\/\/socgastro.org.br\/novo\/wp-content\/uploads\/2019\/11\/hospital_lagoa_1-15.jpg\" title=\"\" rel=\"gallery1\"><img loading=\"lazy\" decoding=\"async\" src=\"https:\/\/socgastro.org.br\/novo\/wp-content\/uploads\/2019\/11\/hospital_lagoa_1-15-150x150.jpg\" width=\"150\" height=\"150\" alt=\"\" \/><\/a>\r\n<\/div><\/figure><figure class=\"gallery-item\">\n<div class=\"gallery-icon\">\r\n<a href=\"https:\/\/socgastro.org.br\/novo\/wp-content\/uploads\/2019\/11\/hospital_lagoa_1-24.jpg\" title=\"\" rel=\"gallery1\"><img loading=\"lazy\" decoding=\"async\" src=\"https:\/\/socgastro.org.br\/novo\/wp-content\/uploads\/2019\/11\/hospital_lagoa_1-24-150x150.jpg\" width=\"150\" height=\"150\" alt=\"\" \/><\/a>\r\n<\/div><\/figure><figure class=\"gallery-item\">\n<div class=\"gallery-icon\">\r\n<a href=\"https:\/\/socgastro.org.br\/novo\/wp-content\/uploads\/2019\/11\/hospital_lagoa_1-11.jpg\" title=\"\" rel=\"gallery1\"><img loading=\"lazy\" decoding=\"async\" src=\"https:\/\/socgastro.org.br\/novo\/wp-content\/uploads\/2019\/11\/hospital_lagoa_1-11-150x150.jpg\" width=\"150\" height=\"150\" alt=\"\" \/><\/a>\r\n<\/div><\/figure><figure class=\"gallery-item\">\n<div class=\"gallery-icon\">\r\n<a href=\"https:\/\/socgastro.org.br\/novo\/wp-content\/uploads\/2019\/11\/hospital_lagoa_1-5.jpg\" title=\"\" rel=\"gallery1\"><img loading=\"lazy\" decoding=\"async\" src=\"https:\/\/socgastro.org.br\/novo\/wp-content\/uploads\/2019\/11\/hospital_lagoa_1-5-150x150.jpg\" width=\"150\" height=\"150\" alt=\"\" \/><\/a>\r\n<\/div><\/figure><figure class=\"gallery-item\">\n<div class=\"gallery-icon\">\r\n<a href=\"https:\/\/socgastro.org.br\/novo\/wp-content\/uploads\/2019\/11\/hospital_lagoa_1-3.jpg\" title=\"\" rel=\"gallery1\"><img loading=\"lazy\" decoding=\"async\" src=\"https:\/\/socgastro.org.br\/novo\/wp-content\/uploads\/2019\/11\/hospital_lagoa_1-3-150x150.jpg\" width=\"150\" height=\"150\" alt=\"\" \/><\/a>\r\n<\/div><\/figure><figure class=\"gallery-item\">\n<div class=\"gallery-icon\">\r\n<a href=\"https:\/\/socgastro.org.br\/novo\/wp-content\/uploads\/2019\/11\/hospital_lagoa_1-10.jpg\" title=\"\" rel=\"gallery1\"><img loading=\"lazy\" decoding=\"async\" src=\"https:\/\/socgastro.org.br\/novo\/wp-content\/uploads\/2019\/11\/hospital_lagoa_1-10-150x150.jpg\" width=\"150\" height=\"150\" alt=\"\" \/><\/a>\r\n<\/div><\/figure><figure class=\"gallery-item\">\n<div class=\"gallery-icon\">\r\n<a href=\"https:\/\/socgastro.org.br\/novo\/wp-content\/uploads\/2019\/11\/hospital_lagoa_1-6.jpg\" title=\"\" rel=\"gallery1\"><img loading=\"lazy\" decoding=\"async\" src=\"https:\/\/socgastro.org.br\/novo\/wp-content\/uploads\/2019\/11\/hospital_lagoa_1-6-150x150.jpg\" width=\"150\" height=\"150\" alt=\"\" \/><\/a>\r\n<\/div><\/figure><figure class=\"gallery-item\">\n<div class=\"gallery-icon\">\r\n<a href=\"https:\/\/socgastro.org.br\/novo\/wp-content\/uploads\/2019\/11\/hospital_lagoa_1-20.jpg\" title=\"\" rel=\"gallery1\"><img loading=\"lazy\" decoding=\"async\" src=\"https:\/\/socgastro.org.br\/novo\/wp-content\/uploads\/2019\/11\/hospital_lagoa_1-20-150x150.jpg\" width=\"150\" height=\"150\" alt=\"\" \/><\/a>\r\n<\/div><\/figure>\r\n\t\t<\/div>\n\n","protected":false},"excerpt":{"rendered":"<p>Refer\u00eancia no atendimento de m\u00e9dia e alta complexidade, o Hospital Federal da Lagoa foi projetado pelo arquiteto Oscar Niemeyer e [&hellip;]<\/p>\n","protected":false},"author":1,"featured_media":8974,"parent":6815,"menu_order":0,"comment_status":"closed","ping_status":"closed","template":"","meta":{"footnotes":""},"class_list":["post-8947","page","type-page","status-publish","has-post-thumbnail","hentry"],"_links":{"self":[{"href":"https:\/\/socgastro.org.br\/novo\/wp-json\/wp\/v2\/pages\/8947","targetHints":{"allow":["GET"]}}],"collection":[{"href":"https:\/\/socgastro.org.br\/novo\/wp-json\/wp\/v2\/pages"}],"about":[{"href":"https:\/\/socgastro.org.br\/novo\/wp-json\/wp\/v2\/types\/page"}],"author":[{"embeddable":true,"href":"https:\/\/socgastro.org.br\/novo\/wp-json\/wp\/v2\/users\/1"}],"replies":[{"embeddable":true,"href":"https:\/\/socgastro.org.br\/novo\/wp-json\/wp\/v2\/comments?post=8947"}],"version-history":[{"count":16,"href":"https:\/\/socgastro.org.br\/novo\/wp-json\/wp\/v2\/pages\/8947\/revisions"}],"predecessor-version":[{"id":9103,"href":"https:\/\/socgastro.org.br\/novo\/wp-json\/wp\/v2\/pages\/8947\/revisions\/9103"}],"up":[{"embeddable":true,"href":"https:\/\/socgastro.org.br\/novo\/wp-json\/wp\/v2\/pages\/6815"}],"wp:featuredmedia":[{"embeddable":true,"href":"https:\/\/socgastro.org.br\/novo\/wp-json\/wp\/v2\/media\/8974"}],"wp:attachment":[{"href":"https:\/\/socgastro.org.br\/novo\/wp-json\/wp\/v2\/media?parent=8947"}],"curies":[{"name":"wp","href":"https:\/\/api.w.org\/{rel}","templated":true}]}}