{"id":4428,"date":"2017-11-06T20:50:18","date_gmt":"2017-11-06T20:50:18","guid":{"rendered":"http:\/\/socgastro.org.br\/novo\/?page_id=4428"},"modified":"2025-03-12T09:00:58","modified_gmt":"2025-03-12T09:00:58","slug":"angra-dos-reis","status":"publish","type":"page","link":"https:\/\/socgastro.org.br\/novo\/associados\/angra-dos-reis\/","title":{"rendered":"Angra dos Reis"},"content":{"rendered":"<p><strong>Dra. Katia Valeria da Costa Jayme<\/strong><\/p>\n<p>CRM: 52-515452<\/p>\n<p>\u00c1reas de interesse: Gastroenterologia<\/p>\n<p>Telefone: (24) 3365-3818<\/p>\n<p>Endere\u00e7o: Rua Hon\u00f3rio Lima, 147, Centro, Angra dos Reis (<a href=\"https:\/\/maps.google.com\/maps?ll=-23.008416,-44.320643&amp;z=16&amp;t=m&amp;hl=pt-PT&amp;gl=BR&amp;mapclient=embed&amp;q=R.%20Hon%C3%B3rio%20Lima%2C%20147%20-%20Centro%20Angra%20dos%20Reis%20-%20RJ%2023900-215\">saiba como chegar<\/a>)<\/p>\n<p><strong>Dr. Paulo C\u00e9sar Rios da Silveira<\/strong><\/p>\n<p>CRM: 52324054<\/p>\n<p>Telefones: (24)\u00a03365-3818<\/p>\n<p>Endere\u00e7o: Rua Hon\u00f3rio Lima, 147, Centro, Angra dos Reis (<a href=\"https:\/\/maps.google.com\/maps?ll=-23.008416,-44.320643&amp;z=16&amp;t=m&amp;hl=pt-BR&amp;gl=BR&amp;mapclient=embed&amp;q=R.%20Hon%C3%B3rio%20Lima%2C%20147%20-%20Centro%20Angra%20dos%20Reis%20-%20RJ%2023900-215\" target=\"_blank\" rel=\"noopener\">saiba como chegar<\/a>).<\/p>\n","protected":false},"excerpt":{"rendered":"<p>Dra. Katia Valeria da Costa Jayme CRM: 52-515452 \u00c1reas de interesse: Gastroenterologia Telefone: (24) 3365-3818 Endere\u00e7o: Rua Hon\u00f3rio Lima, 147, [&hellip;]<\/p>\n","protected":false},"author":1,"featured_media":0,"parent":3243,"menu_order":0,"comment_status":"closed","ping_status":"closed","template":"","meta":{"footnotes":""},"class_list":["post-4428","page","type-page","status-publish","hentry"],"_links":{"self":[{"href":"https:\/\/socgastro.org.br\/novo\/wp-json\/wp\/v2\/pages\/4428","targetHints":{"allow":["GET"]}}],"collection":[{"href":"https:\/\/socgastro.org.br\/novo\/wp-json\/wp\/v2\/pages"}],"about":[{"href":"https:\/\/socgastro.org.br\/novo\/wp-json\/wp\/v2\/types\/page"}],"author":[{"embeddable":true,"href":"https:\/\/socgastro.org.br\/novo\/wp-json\/wp\/v2\/users\/1"}],"replies":[{"embeddable":true,"href":"https:\/\/socgastro.org.br\/novo\/wp-json\/wp\/v2\/comments?post=4428"}],"version-history":[{"count":8,"href":"https:\/\/socgastro.org.br\/novo\/wp-json\/wp\/v2\/pages\/4428\/revisions"}],"predecessor-version":[{"id":17810,"href":"https:\/\/socgastro.org.br\/novo\/wp-json\/wp\/v2\/pages\/4428\/revisions\/17810"}],"up":[{"embeddable":true,"href":"https:\/\/socgastro.org.br\/novo\/wp-json\/wp\/v2\/pages\/3243"}],"wp:attachment":[{"href":"https:\/\/socgastro.org.br\/novo\/wp-json\/wp\/v2\/media?parent=4428"}],"curies":[{"name":"wp","href":"https:\/\/api.w.org\/{rel}","templated":true}]}}