{"id":4308,"date":"2017-10-17T17:39:37","date_gmt":"2017-10-17T17:39:37","guid":{"rendered":"http:\/\/socgastro.org.br\/novo\/?page_id=4308"},"modified":"2026-05-05T10:30:17","modified_gmt":"2026-05-05T10:30:17","slug":"copacabana","status":"publish","type":"page","link":"https:\/\/socgastro.org.br\/novo\/associados\/rio-de-janeiro\/copacabana\/","title":{"rendered":"Copacabana"},"content":{"rendered":"<p><strong>Dr. Bernardo da Cruz Junger de Carvalho<\/strong><\/p>\n<p>\u00c1reas de interesse:\u00a0Gastroenterologia, Hepatologia, Doen\u00e7a Inflamat\u00f3ria Intestinal<\/p>\n<p>CRM: 52686069<\/p>\n<p>Telefone: (21) 2235-3246<\/p>\n<p>Endere\u00e7o: Rua Barata Ribeiro, 543, sala 503, Copacabana, Rio de Janeiro (<a href=\"https:\/\/maps.google.com\/maps?ll=-22.971029,-43.18867&amp;z=16&amp;t=m&amp;hl=pt-BR&amp;gl=BR&amp;mapclient=embed&amp;q=R.%20Barata%20Ribeiro%2C%20543%20-%20Copacabana%20Rio%20de%20Janeiro%20-%20RJ%2022040-001\" target=\"_blank\" rel=\"noopener\">saiba como chegar<\/a>)<\/p>\n<p><strong>Dra. Christiane Soares de Alencar<\/strong><\/p>\n<p>CRM: 52585750<\/p>\n<p>Telefone: (21) 99312-3825<\/p>\n<p>Endere\u00e7o: Rua Santa Clara, 50, sala 912, Copacabana, Rio de Janeiro (<a href=\"https:\/\/goo.gl\/maps\/ePuqL3JiE81hiD5M6\" target=\"_blank\" rel=\"noopener\">saiba como chegar<\/a>)<\/p>\n","protected":false},"excerpt":{"rendered":"<p>Dr. Bernardo da Cruz Junger de Carvalho \u00c1reas de interesse:\u00a0Gastroenterologia, Hepatologia, Doen\u00e7a Inflamat\u00f3ria Intestinal CRM: 52686069 Telefone: (21) 2235-3246 Endere\u00e7o: [&hellip;]<\/p>\n","protected":false},"author":1,"featured_media":0,"parent":3252,"menu_order":0,"comment_status":"closed","ping_status":"closed","template":"","meta":{"footnotes":""},"class_list":["post-4308","page","type-page","status-publish","hentry"],"_links":{"self":[{"href":"https:\/\/socgastro.org.br\/novo\/wp-json\/wp\/v2\/pages\/4308","targetHints":{"allow":["GET"]}}],"collection":[{"href":"https:\/\/socgastro.org.br\/novo\/wp-json\/wp\/v2\/pages"}],"about":[{"href":"https:\/\/socgastro.org.br\/novo\/wp-json\/wp\/v2\/types\/page"}],"author":[{"embeddable":true,"href":"https:\/\/socgastro.org.br\/novo\/wp-json\/wp\/v2\/users\/1"}],"replies":[{"embeddable":true,"href":"https:\/\/socgastro.org.br\/novo\/wp-json\/wp\/v2\/comments?post=4308"}],"version-history":[{"count":10,"href":"https:\/\/socgastro.org.br\/novo\/wp-json\/wp\/v2\/pages\/4308\/revisions"}],"predecessor-version":[{"id":18459,"href":"https:\/\/socgastro.org.br\/novo\/wp-json\/wp\/v2\/pages\/4308\/revisions\/18459"}],"up":[{"embeddable":true,"href":"https:\/\/socgastro.org.br\/novo\/wp-json\/wp\/v2\/pages\/3252"}],"wp:attachment":[{"href":"https:\/\/socgastro.org.br\/novo\/wp-json\/wp\/v2\/media?parent=4308"}],"curies":[{"name":"wp","href":"https:\/\/api.w.org\/{rel}","templated":true}]}}