{"id":3264,"date":"2017-08-01T17:08:31","date_gmt":"2017-08-01T17:08:31","guid":{"rendered":"http:\/\/socgastro.org.br\/novo\/?page_id=3264"},"modified":"2025-08-25T11:18:58","modified_gmt":"2025-08-25T11:18:58","slug":"niteroi","status":"publish","type":"page","link":"https:\/\/socgastro.org.br\/novo\/associados\/niteroi\/","title":{"rendered":"Niter\u00f3i"},"content":{"rendered":"<p><strong>Claudia Cozendey Parada<\/strong><\/p>\n<p>CRM:\u00a052.95919-7<\/p>\n<p>\u00c1reas de interesse: Gastroenterologia e endoscopia digestiva<\/p>\n<p>Telefones: (21) 98172-2151<\/p>\n<p>Endere\u00e7o: Rua Ministro Ot\u00e1vio Kelly, 337, Icara\u00ed, Niter\u00f3i (<a href=\"https:\/\/maps.app.goo.gl\/hkEsjao4E76ipgHG6\" target=\"_blank\" rel=\"noopener\">saiba como chegar<\/a>)<\/p>\n<p><strong>Fernando Tadeu Brand\u00e3o dos Santos Vazquez<\/strong><\/p>\n<p>CRM: 5278504-0<\/p>\n<p>\u00c1reas de interesse: Gastroenterologia<\/p>\n<p>Telefones: (21) 2620-1614<\/p>\n<p>Endere\u00e7o: Rua Doutor Celestino, 103, Niter\u00f3i (<a href=\"https:\/\/maps.app.goo.gl\/pGYTbZcX4Qn9NhXz8\" target=\"_blank\" rel=\"noopener\">saiba como chegar<\/a>)<\/p>\n<p><strong>Dra. Natalia Nassif Figueira<\/strong><\/p>\n<p>CRM: 52.87581-3<\/p>\n<p>Telefones: (21) 99652-9464<\/p>\n<p>Endere\u00e7o: Rua Ot\u00e1vio Carneiro 143, sala 1201, Icara\u00ed, Niter\u00f3i (<a href=\"https:\/\/maps.google.com\/maps?ll=-22.905303,-43.108889&amp;z=16&amp;t=m&amp;hl=pt-PT&amp;gl=BR&amp;mapclient=embed&amp;q=R.%20Ot%C3%A1vio%20Carneiro%2C%20143%20-%20Icara%C3%AD%20Niter%C3%B3i%20-%20RJ%2024230-190\" target=\"_blank\" rel=\"noopener\">saiba como chegar<\/a>).<\/p>\n<p><strong>Ros\u00e1lia Moraes de Carvalho Costa<\/strong><\/p>\n<p>CRM: 52.64947-3<\/p>\n<p>Telefone: (21) 3587-7507<\/p>\n<p>Endere\u00e7o: Rua Miguel de Frias, 150, sala 1.206, Icara\u00ed, Niter\u00f3i (<a href=\"https:\/\/maps.google.com\/maps?ll=-22.901759,-43.113588&amp;z=16&amp;t=m&amp;hl=pt-BR&amp;gl=BR&amp;mapclient=embed&amp;q=R.%20Miguel%20de%20Frias%2C%20150%20-%20Icara%C3%AD%20Niter%C3%B3i%20-%20RJ%2024220-003\" target=\"_blank\" rel=\"noopener\">saiba como chegar<\/a>).<\/p>\n","protected":false},"excerpt":{"rendered":"<p>Claudia Cozendey Parada CRM:\u00a052.95919-7 \u00c1reas de interesse: Gastroenterologia e endoscopia digestiva Telefones: (21) 98172-2151 Endere\u00e7o: Rua Ministro Ot\u00e1vio Kelly, 337, [&hellip;]<\/p>\n","protected":false},"author":1,"featured_media":0,"parent":3243,"menu_order":0,"comment_status":"closed","ping_status":"closed","template":"","meta":{"footnotes":""},"class_list":["post-3264","page","type-page","status-publish","hentry"],"_links":{"self":[{"href":"https:\/\/socgastro.org.br\/novo\/wp-json\/wp\/v2\/pages\/3264","targetHints":{"allow":["GET"]}}],"collection":[{"href":"https:\/\/socgastro.org.br\/novo\/wp-json\/wp\/v2\/pages"}],"about":[{"href":"https:\/\/socgastro.org.br\/novo\/wp-json\/wp\/v2\/types\/page"}],"author":[{"embeddable":true,"href":"https:\/\/socgastro.org.br\/novo\/wp-json\/wp\/v2\/users\/1"}],"replies":[{"embeddable":true,"href":"https:\/\/socgastro.org.br\/novo\/wp-json\/wp\/v2\/comments?post=3264"}],"version-history":[{"count":13,"href":"https:\/\/socgastro.org.br\/novo\/wp-json\/wp\/v2\/pages\/3264\/revisions"}],"predecessor-version":[{"id":18257,"href":"https:\/\/socgastro.org.br\/novo\/wp-json\/wp\/v2\/pages\/3264\/revisions\/18257"}],"up":[{"embeddable":true,"href":"https:\/\/socgastro.org.br\/novo\/wp-json\/wp\/v2\/pages\/3243"}],"wp:attachment":[{"href":"https:\/\/socgastro.org.br\/novo\/wp-json\/wp\/v2\/media?parent=3264"}],"curies":[{"name":"wp","href":"https:\/\/api.w.org\/{rel}","templated":true}]}}